 3203
List the prime factors of 716279.
716279
What are the prime factors of 3000718?
2, 7, 23, 9319
What are the prime factors of 260953?
7, 11, 3389
List the prime factors of 1134261.
3, 193, 653
What are the prime factors of 1080575?
5, 43223
What are the prime factors of 385284?
2, 3, 97, 331
List the prime factors of 215730.
2, 3, 5, 17, 47
List the prime factors of 403703.
403703
What are the prime factors of 154701?
3, 17189
List the prime factors of 279644.
2, 69911
List the prime factors of 245182.
2, 7, 83, 211
List the prime factors of 1329518.
2, 421, 1579
What are the prime factors of 910450?
2, 5, 131, 139
List the prime factors of 1576010.
2, 5, 359, 439
List the prime factors of 1569752.
2, 239, 821
List the prime factors of 2884160.
2, 5, 9013
List the prime factors of 843116.
2, 131, 1609
What are the prime factors of 1492631?
7, 23, 73, 127
What are the prime factors of 1418426?
2, 19, 163, 229
List the prime factors of 18602890.
2, 5, 1860289
List the prime factors of 24401626.
2, 293, 41641
What are the prime factors of 26926533?
3, 997279
What are the prime factors of 62189?
62189
List the prime factors of 4382941.
41, 53, 2017
What are the prime factors of 2344156?
2, 107, 5477
What are the prime factors of 223787?
59, 3793
List the prime factors of 7203209.
13, 23, 24091
What are the prime factors of 3480484?
2, 7, 124303
List the prime factors of 1230436.
2, 307609
List the prime factors of 167741.
7, 31, 773
List the prime factors of 1179150.
2, 3, 5, 7, 1123
List the prime factors of 11785820.
2, 5, 589291
What are the prime factors of 1864362?
2, 3, 310727
List the prime factors of 62232.
2, 3, 2593
List the prime factors of 1496420.
2, 5, 74821
List the prime factors of 448025.
5, 17921
What are the prime factors of 2351739?
3, 13, 47, 1283
List the prime factors of 33645395.
5, 7, 37, 25981
What are the prime factors of 25762?
2, 11, 1171
What are the prime factors of 56123?
56123
What are the prime factors of 4941804?
2, 3, 7, 58831
List the prime factors of 20276338.
2, 10138169
What are the prime factors of 1309431?
3, 436477
List the prime factors of 88259.
88259
List the prime factors of 32863669.
17, 47, 41131
List the prime factors of 7497258.
2, 3, 79, 15817
List the prime factors of 61453.
7, 8779
List the prime factors of 30369987.
3, 31, 199, 547
What are the prime factors of 6828884?
2, 23, 199, 373
What are the prime factors of 218578?
2, 293, 373
What are the prime factors of 186426?
2, 3, 10357
What are the prime factors of 1236505?
5, 247301
What are the prime factors of 23943?
3, 23, 347
List the prime factors of 11236103.
11236103
What are the prime factors of 12537475?
5, 659, 761
List the prime factors of 386514.
2, 3, 109, 197
What are the prime factors of 3693386?
2, 17, 23, 4723
List the prime factors of 192905.
5, 41, 941
List the prime factors of 4637922.
2, 3, 772987
What are the prime factors of 9998069?
29, 307, 1123
List the prime factors of 1122793.
7, 29, 5531
List the prime factors of 10191306.
2, 3, 59, 28789
What are the prime factors of 32189?
32189
List the prime factors of 3748992.
2, 3, 13, 751
List the prime factors of 873542.
2, 47, 9293
What are the prime factors of 267150?
2, 3, 5, 13, 137
What are the prime factors of 2563975?
5, 102559
What are the prime factors of 584877?
3, 19, 31, 331
List the prime factors of 56864.
2, 1777
What are the prime factors of 179435?
5, 17, 2111
List the prime factors of 1943714.
2, 971857
What are the prime factors of 3790322?
2, 359, 5279
What are the prime factors of 100272?
2, 3, 2089
What are the prime factors of 8248135?
5, 7, 235661
What are the prime factors of 1193443?
1193443
What are the prime factors of 73159?
149, 491
What are the prime factors of 6391683?
3, 236729
List the prime factors of 6122463.
3, 239, 8539
List the prime factors of 7446209.
61, 122069
List the prime factors of 18930254.
2, 7, 1049, 1289
List the prime factors of 298041.
3, 99347
List the prime factors of 23941209.
3, 7980403
What are the prime factors of 510733?
331, 1543
What are the prime factors of 11087068?
2, 2771767
What are the prime factors of 6029692?
2, 1507423
List the prime factors of 133329.
3, 7, 907
What are the prime factors of 3541261?
467, 7583
List the prime factors of 1488079.
223, 6673
List the prime factors of 649910.
2, 5, 17, 3823
List the prime factors of 6113570.
2, 5, 331, 1847
What are the prime factors of 1440546?
2, 3, 17, 29, 487
List the prime factors of 10578860.
2, 5, 43, 12301
What are the prime factors of 1275385?
5, 255077
What are the prime factors of 2227315?
5, 445463
What are the prime factors of 2559234?
2, 3, 73, 5843
List the prime factors of 214177.
214177
What are the prime factors of 19738641?
3, 13, 506119
List the prime factors of 32565.
3, 5, 13, 167
List the prime factors of 5404709.
5404709
List the prime factors of 17339379.
3, 5779793
What are the prime factors of 1897322?
2, 7, 59, 2297
List the prime factors of 337090.
2, 5, 13, 2593
List the prime factors of 208849.
457
List the prime factors of 4169643.
3, 677, 2053
What are the prime factors of 81833?
19, 59, 73
What are the prime factors of 88765?
5, 41, 433
What are the prime factors of 3795920?
2, 5, 23, 2063
What are the prime factors of 1358269?
11, 123479
List the prime factors of 246010.
2, 5, 73, 337
What are the prime factors of 149135?
5, 7, 4261
List the prime factors of 4412736.
2, 3, 47, 163
List the prime factors of 910887.
3, 211, 1439
List the prime factors of 187493.
17, 41, 269
What are the prime factors of 205726?
2, 29, 3547
List the prime factors of 2187618.
2, 3, 149, 2447
List the prime factors of 4587998.
2, 53, 43283
List the prime factors of 11684782.
2, 23, 389, 653
What are the prime factors of 241812?
2, 3, 2239
What are the prime factors of 444664?
2, 11, 31, 163
List the prime factors of 238007.
7, 11, 281
What are the prime factors of 1911614?
2, 955807
What are the prime factors of 8996377?
13, 53233
What are the prime factors of 7897617?
3, 7, 13, 9643
List the prime factors of 911644.
2, 29, 271
List the prime factors of 278122.
2, 13, 19, 563
List the prime factors of 15198793.
15198793
What are the prime factors of 2136551?
31, 41
List the prime factors of 652829.
31, 21059
What are the prime factors of 90613?
31, 37, 79
What are the prime factors of 1328817?
3, 7, 63277
What are the prime factors of 1067278?
2, 223, 2393
What are the prime factors of 960504?
2, 3, 31, 1291
List the prime factors of 734872.
2, 97, 947
List the prime factors of 1673477.
13, 109, 1181
What are the prime factors of 211636?
2, 157, 337
List the prime factors of 22746183.
3, 43, 176327
What are the prime factors of 6870004?
2, 1717501
List the prime factors of 558243.
3, 7, 8861
What are the prime factors of 30269?
30269
List the prime factors of 613054.
2, 13, 17, 19, 73
List the prime factors of 3273778.
2, 839, 1951
List the prime factors of 782176.
2, 24443
What are the prime factors of 382295?
5, 157, 487
What are the prime factors of 10514433?
3, 3504811
List the prime factors of 245645.
5, 73, 673
List the prime factors of 40026.
2, 3, 7, 953
List the prime factors of 2567860.
2, 5, 128393
What are the prime factors of 26413982?
2, 7, 23, 82031
List the prime factors of 22981828.
2, 1217, 4721
What are the prime factors of 4722358?
2, 2361179
List the prime factors of 43994.
2, 21997
List the prime factors of 19538384.
2, 19, 64271
List the prime factors of 630800.
2, 5, 19, 83
List the prime factors of 3295890.
2, 3, 5, 13, 313
List the prime factors of 5062883.
7, 723269
What are the prime factors of 6025?
5, 241
What are the prime factors of 8937747?
3, 7, 13, 1559
List the prime factors of 346570.
2, 5, 7, 4951
What are the prime factors of 1592363?
149, 10687
List the prime factors of 13870492.
2, 3467623
List the prime factors of 3665512.
2, 458189
What are the prime factors of 1329550?
2, 5, 26591
List the prime factors of 8204413.
7, 167437
List the prime factors of 401317.
7, 57331
List the prime factors of 509797.
509797
What are the prime factors of 956331?
3, 59, 1801
List the prime factors of 17808459.
3, 5936153
List the prime factors of 2591601.
3, 863867
List the prime factors of 5086383.
3, 17, 99733
W